+ 151. What is the highest common divisor of g and 16?
16
Suppose -5*j = -2*m + 9, -75*m + 145 = -70*m + 5*j. Suppose s = -2*s + 1254. What is the greatest common divisor of m and s?
22
Let y = -14099 - -14799. Calculate the highest common divisor of 5425 and y.
175
Let g be 2*-4*(-15)/4. Let o(q) = q**2 + 11*q - 70. Let b(z) = -7*z - 30. Let k be b(-2). Let s be o(k). What is the highest common divisor of s and g?
10
Let z be 4401/(-163)*14/(-2). What is the greatest common factor of z and 42?
21
Suppose -1579 = -36*m + 869. Calculate the greatest common factor of m and 1156.
68
Let a = -690 + 746. Let f be (-12)/(-10)*(-20)/6. Let t = 12 - f. Calculate the greatest common divisor of t and a.
8
Let o(h) = h - 1. Let k be o(4). Let r be 2/(-6) + 811/k. Let v = -87997 + 88027. What is the greatest common divisor of v and r?
30
Let g be (2758 + 0 + -1)*(-7)/(-21). Suppose 17*y - g + 205 = 0. What is the highest common divisor of 12 and y?
6
Suppose 2*b + 10 = 32. Let i be ((-4560)/160 - -23)*(-23*1 - -1). Calculate the greatest common factor of b and i.
11
Let m = 384 + -375. Let o be 3/(-15) - 22/(-10). Suppose -o*g + 2 = -10. Calculate the highest common factor of m and g.
3
Suppose 0 = 5*w + 18 - 48, -2*w - 1473 = -3*k. What is the highest common divisor of 264 and k?
33
Suppose 6*s = 5064 - 744. Let i = s - 629. Calculate the highest common factor of i and 52.
13
Let w(y) = -y**2 + 8 - 1739*y + 1742*y + y**2 + 10*y**2. Let p be w(4). Calculate the greatest common factor of p and 30.
30
Let o(c) = 31*c - 293. Let g(h) = 93*h - 875. Let p(d) = 3*g(d) - 8*o(d). Let n be p(11). Calculate the highest common divisor of n and 132.
12
Let a = 1371 - 977. Suppose -4*r - 683 = 3*z, -8*z - 1185 = -3*z - 5*r. Let h = z + a. What is the greatest common divisor of 23 and h?
23
Suppose 50*l + 76 = 54*l + u, -16 = -4*u. Calculate the highest common divisor of l and 3066.
6
Let x = 17053 - 17035. Calculate the highest common divisor of 5085 and x.
9
Let i = -143 - -232. Let w be (-388)/(-10) + (-1008)/(-90) + -11. Let p = i - w. What is the greatest common factor of 20 and p?
10
Suppose 21 = -37*g + 3610. Calculate the highest common factor of g and 8633.
97
Suppose 5*k - 692 = -5*l + 2*l, 3*l - 700 = -k. Let i be (-6)/(-15) - l/(-65). What is the greatest common divisor of 25 and i?
1
Suppose 11338 = j - 10*t + 6*t, t + 11317 = j. What is the highest common divisor of 58 and j?
58
Suppose 0 = -25*o + 168 + 257. Suppose -o*g + 42 + 94 = 0. Calculate the greatest common factor of g and 32.
8
Let j = 7216 - 6841. Let f be 28 + 6/(-2) + 5. Calculate the greatest common divisor of j and f.
15
Let k(c) = -4*c - 46. Let n be k(-18). Let i = 825 + -539. Calculate the highest common factor of n and i.
26
Suppose s + 5*q - 37 = 0, q = 3*s - 25 - 6. Let t be s/(-15) - 1*(-379)/5. What is the highest common divisor of t and 15?
15
Let z be (202 - 24784)/(((-1)/((-2)/(-6)))/4). What is the highest common divisor of 136 and z?
136
Suppose -12 = 2*d - 5*x, -55 = -2*d - 5*x - 67. Let i be d/(-8) - (-203)/28. What is the greatest common divisor of i and 6?
2
Let x(h) = h**3 - 6*h**2 - 24*h. Let i be x(16). Calculate the highest common factor of i and 34.
34
Let z(m) = 89*m**2 - 20*m - 15. Let o be z(1). Let r(i) = 26*i - 4. Let w be r(5). What is the greatest common factor of o and w?
18
Let h be (15 + -15)/(-1) + (18*86 - -2). Calculate the highest common factor of h and 130.
10
Let y be -1*(12891/(-4))/((-429)/(-7436)). Calculate the highest common factor of 13 and y.
13
Let m(t) = 2*t + 33. Let v be m(-17). Let u be v/(((-4)/28)/((-20)/(-2))). Calculate the greatest common factor of 50 and u.
10
Suppose -48142 = -37*a + 23*a + 2*g, -4*a + 5*g + 13746 = 0. Calculate the highest common factor of a and 1448.
181
Let l(z) = 25*z - 50. Let y be l(25). Suppose 175 = 25*f - y. What is the greatest common divisor of 150 and f?
30
Let k = 66 + 69. Let x = 1 - k. Let g = -69 - x. What is the greatest common divisor of g and 13?
13
Let t(h) = -h + 7. Let b be t(5). Let j be ((-78)/65)/(b - 346/170). Calculate the highest common divisor of 4 and j.
2
Let o be 57316/(-6)*(1089/22)/(-33). What is the greatest common divisor of 161 and o?
161
Let p(l) = 5*l**2 - 273*l - 228. Let s be p(-24). What is the greatest common factor of s and 104?
52
Let b = 965 + -884. What is the greatest common factor of b and 1188?
27
Suppose z + 34920 = 5*z + 16*z. What is the greatest common factor of z and 522?
18
Let y = 34 + -24. Suppose -5*n = -2*w - 41, 2*w + 10 = n + 5. Let p be n/3*(22/(-6) - -5). What is the highest common factor of y and p?
2
Suppose -3*z = -3*b - 18, 2*z - 20 + 2 = 4*b. Let l(c) = -c**2 + c - 3. Let p be l(b). Let u be 1*23 - 45/p. Calculate the highest common divisor of u and 65.
13
Let l be (1 - 20)/(3 - (5 - 1)). What is the highest common divisor of 589 and l?
19
Let z = -11 + 14. Suppose 7*i = 11 + z. Suppose s - 5*s + 56 = 0. Calculate the greatest common divisor of s and i.
2
Let l be ((-10)/(-55) + 0 - (-342)/297)*1332. What is the highest common factor of l and 8?
8
Suppose -10*g + 31 = 1. Suppose 2*u = -4*l - g*u + 252, 315 = 5*l - 4*u. Let t = l - 39. Calculate the greatest common factor of 264 and t.
24
Suppose -57*v + 95*v = 4674. What is the highest common divisor of 2419 and v?
41
Let d = 11431 + -11227. What is the greatest common factor of 187 and d?
17
Let n be -1*(-230)/(-15)*12/(-4). Let s be (-3)/(3*1/(-34)). Let l = n - s. What is the greatest common factor of 6 and l?
6
Let j(c) = 210*c**2 - 64*c + 64. Let f be j(1). What is the highest common divisor of f and 945?
105
Let f = 51 - 44. Suppose -4*m = -3*z - f + 21, -3*m - 4 = z. Suppose 0 = 3*w + b + 2*b - 24, 3*b = -z*w + 18. Calculate the greatest common divisor of 54 and w.
6
Let y = 4997 - 3116. What is the greatest common factor of y and 19?
19
Suppose 2*x + 1336 = 3*q - 1220, -5*x - 30 = 0. What is the greatest common divisor of 318 and q?
106
Let x be ((-7)/(-21))/((-1)/(-6)). Let b(g) = 10*g + 1 + 767*g**x - 766*g**2 - 15. Let a be b(-12). Calculate the highest common divisor of 70 and a.
10
Let x be (4/2)/(((-378)/(-700))/27). Suppose 26 + 349 = 3*f. What is the greatest common divisor of f and x?
25
Let g be ((-361)/2 + 5)*(15 - 41). What is the greatest common factor of 27 and g?
27
Suppose 2*r - 19*p = -17*p + 2130, 2*r - p = 2132. What is the highest common divisor of r and 388?
97
Let p(r) = 5*r**2 - 109*r - 829. Let i be p(-8). What is the greatest common factor of i and 242?
121
Suppose 158*o = 148*o + 530. Suppose 4*y + 5*b - 38 = 99, -y + 5*b = -o. What is the greatest common factor of 152 and y?
38
Suppose 64*a - 66*a + 983 = -y, 2*a + 2*y - 986 = 0. Suppose f = 4*h + 183, 0 = -3*f - 3*h + a + 27. What is the highest common divisor of f and 7?
7
Suppose -23*j + 6908 = 100. What is the greatest common divisor of 2812 and j?
148
Suppose 81 = 17*v - 344. What is the highest common factor of 4200 and v?
25
Let q(j) = -j**3 + 30*j**2 - 100*j. Let o be q(26). Suppose -6 = -2*p - 2*x, 0 = -5*p + 4*x + 59 + 1. What is the highest common factor of o and p?
8
Let a be (1 - 6)*3/5. Let c be 429/24 + a/(-24). Suppose -10 = -4*o - o. Calculate the highest common divisor of c and o.
2
Suppose 72*r - 334 = 133 + 1117. Suppose 5*o - 2*x + 26 = -0*x, 28 = -4*o - 2*x. Let u = 17 + o. What is the highest common factor of u and r?
11
Suppose 11*t + 37 - 37 = 0. Suppose u + t*u = 55. What is the greatest common divisor of 495 and u?
55
Let c(j) = 2*j**2 + 68*j + 509. Let g be c(-24). Suppose -4*p = -5*p + 4*m + 207, -2*p = -m - 407. What is the highest common divisor of p and g?
29
Let p be (-162)/(-8) + (-1)/4. Let x = 553 - 553. Suppose -4*s - 2*t + 112 = x, -21*s + 25*s = -3*t + 108. What is the greatest common divisor of s and p?
10
Let c(a) = a**2 - 79*a - 168. Let f be c(-24). What is the greatest common divisor of 16 and f?
16
Let t = -76 - 210. Let c = 199 + t. Let y = c + 95. Calculate the highest common factor of y and 88.
8
Let m(f) = 7*f - 4. Suppose -2*x + 9 = 3. Let r be m(x). Let d(s) = 8*s - 245. Let k be d(37). What is the highest common divisor of r and k?
17
Let n = 30 - 22. Let o(k) = -k**2 + 21*k - 34. Let q be o(19). Suppose 0 = -b - q*b + 4*l + 360, -b = -3*l - 72. What is the hi